{"id":181,"date":"2017-06-24T22:25:48","date_gmt":"2017-06-24T22:25:48","guid":{"rendered":"http:\/\/www.dromkotar.org\/congress\/?page_id=181"},"modified":"2019-06-11T12:16:06","modified_gmt":"2019-06-11T12:16:06","slug":"media-coverage","status":"publish","type":"page","link":"https:\/\/dromkotar.org\/congress\/espanol-difusion-y-medios-de-comunicacion\/media-coverage\/","title":{"rendered":"Media Coverage"},"content":{"rendered":"<p><strong>The &#8220;I International Roma Women&#8217;s Congress: The Other Women&#8221; had a lot of media coverage.<\/strong><\/p>\n<p>Here are some highlights:<br \/>\n<img loading=\"lazy\" decoding=\"async\" class=\"wp-image-182 alignleft\" src=\"http:\/\/www.dromkotar.org\/congress\/wp-content\/uploads\/2017\/06\/televisio-3-150x150.png\" alt=\"\" width=\"84\" height=\"84\" \/><\/p>\n<p class=\"titol\">El primer Congr\u00e9s Internacional de Dones Gitanes aposta per l&#8217;educaci\u00f3 com a via per a la integraci\u00f3 social i laboral<\/p>\n<p>Watch video <a href=\"http:\/\/www.ccma.cat\/324\/El-primer-Congres-Internacional-de-Dones-Gitanes-aposta-per-leducacio-com-a-via-per-a-la-integracio-social-i-laboral\/noticia\/889308\/\" target=\"_blank\" rel=\"noopener noreferrer\">here.<\/a><\/p>\n<hr \/>\n<p><img loading=\"lazy\" decoding=\"async\" class=\"size-thumbnail wp-image-183 alignleft\" src=\"http:\/\/www.dromkotar.org\/congress\/wp-content\/uploads\/2017\/06\/Lavanguardia-150x150.png\" alt=\"\" width=\"150\" height=\"150\" srcset=\"https:\/\/dromkotar.org\/congress\/wp-content\/uploads\/2017\/06\/Lavanguardia-150x150.png 150w, https:\/\/dromkotar.org\/congress\/wp-content\/uploads\/2017\/06\/Lavanguardia.png 300w\" sizes=\"auto, (max-width: 150px) 100vw, 150px\" \/><\/p>\n<p>&#8220;No s\u00f3lo folkl\u00f3ricas&#8221;<\/p>\n<p>Un congreso internacional reivindica la lucha de las mujeres gitanas contra su hist\u00f3rica discriminaci\u00f3n y los estereotipos de siempre<\/p>\n<p>Read full article <a href=\"https:\/\/dromkotar.files.wordpress.com\/2010\/10\/no_solo_folkloricas.pdf\" target=\"_blank\" rel=\"noopener noreferrer\">here.<\/a><\/p>\n<p>&nbsp;<\/p>\n<hr \/>\n<p>&nbsp;<\/p>","protected":false},"excerpt":{"rendered":"<p>The &#8220;I International Roma Women&#8217;s Congress: The Other Women&#8221; had a lot of media coverage. Here are some highlights: El primer Congr\u00e9s Internacional de Dones Gitanes aposta per l&#8217;educaci\u00f3 com a via per a la integraci\u00f3 social i laboral Watch video here. &#8220;No s\u00f3lo folkl\u00f3ricas&#8221; Un congreso internacional reivindica la lucha de las mujeres gitanas&hellip; <a class=\"more-link\" href=\"https:\/\/dromkotar.org\/congress\/espanol-difusion-y-medios-de-comunicacion\/media-coverage\/\">Read More <span class=\"screen-reader-text\">Media Coverage<\/span><\/a><\/p>\n","protected":false},"author":1,"featured_media":0,"parent":804,"menu_order":3,"comment_status":"closed","ping_status":"closed","template":"","meta":{"footnotes":""},"class_list":["post-181","page","type-page","status-publish","hentry"],"_links":{"self":[{"href":"https:\/\/dromkotar.org\/congress\/wp-json\/wp\/v2\/pages\/181","targetHints":{"allow":["GET"]}}],"collection":[{"href":"https:\/\/dromkotar.org\/congress\/wp-json\/wp\/v2\/pages"}],"about":[{"href":"https:\/\/dromkotar.org\/congress\/wp-json\/wp\/v2\/types\/page"}],"author":[{"embeddable":true,"href":"https:\/\/dromkotar.org\/congress\/wp-json\/wp\/v2\/users\/1"}],"replies":[{"embeddable":true,"href":"https:\/\/dromkotar.org\/congress\/wp-json\/wp\/v2\/comments?post=181"}],"version-history":[{"count":2,"href":"https:\/\/dromkotar.org\/congress\/wp-json\/wp\/v2\/pages\/181\/revisions"}],"predecessor-version":[{"id":186,"href":"https:\/\/dromkotar.org\/congress\/wp-json\/wp\/v2\/pages\/181\/revisions\/186"}],"up":[{"embeddable":true,"href":"https:\/\/dromkotar.org\/congress\/wp-json\/wp\/v2\/pages\/804"}],"wp:attachment":[{"href":"https:\/\/dromkotar.org\/congress\/wp-json\/wp\/v2\/media?parent=181"}],"curies":[{"name":"wp","href":"https:\/\/api.w.org\/{rel}","templated":true}]}}

<p><strong>The &#8220;I International Roma Women&#8217;s Congress: The Other Women&#8221; had a lot of media coverage.</strong></p>
<p>Here are some highlights:<br />
<img loading="lazy" decoding="async" class="wp-image-182 alignleft" src="http://www.dromkotar.org/congress/wp-content/uploads/2017/06/televisio-3-150x150.png" alt="" width="84" height="84" /></p>
<p class="titol">El primer Congrés Internacional de Dones Gitanes aposta per l&#8217;educació com a via per a la integració social i laboral</p>
<p>Watch video <a href="http://www.ccma.cat/324/El-primer-Congres-Internacional-de-Dones-Gitanes-aposta-per-leducacio-com-a-via-per-a-la-integracio-social-i-laboral/noticia/889308/" target="_blank" rel="noopener noreferrer">here.</a></p>
<hr />
<p><img loading="lazy" decoding="async" class="size-thumbnail wp-image-183 alignleft" src="http://www.dromkotar.org/congress/wp-content/uploads/2017/06/Lavanguardia-150x150.png" alt="" width="150" height="150" srcset="https://dromkotar.org/congress/wp-content/uploads/2017/06/Lavanguardia-150x150.png 150w, https://dromkotar.org/congress/wp-content/uploads/2017/06/Lavanguardia.png 300w" sizes="auto, (max-width: 150px) 100vw, 150px" /></p>
<p>&#8220;No sólo folklóricas&#8221;</p>
<p>Un congreso internacional reivindica la lucha de las mujeres gitanas contra su histórica discriminación y los estereotipos de siempre</p>
<p>Read full article <a href="https://dromkotar.files.wordpress.com/2010/10/no_solo_folkloricas.pdf" target="_blank" rel="noopener noreferrer">here.</a></p>
<p>&nbsp;</p>
<hr />
<p>&nbsp;</p>

<p>The &#8220;I International Roma Women&#8217;s Congress: The Other Women&#8221; had a lot of media coverage. Here are some highlights: El primer Congrés Internacional de Dones Gitanes aposta per l&#8217;educació com a via per a la integració social i laboral Watch video here. &#8220;No sólo folklóricas&#8221; Un congreso internacional reivindica la lucha de las mujeres gitanas&hellip; <a class="more-link" href="https://dromkotar.org/congress/espanol-difusion-y-medios-de-comunicacion/media-coverage/">Read More <span class="screen-reader-text">Media Coverage</span></a></p>
